{"id":84,"date":"2018-10-04T20:27:51","date_gmt":"2018-10-04T18:27:51","guid":{"rendered":"http:\/\/new.studioblanche.cz\/?page_id=84"},"modified":"2025-03-02T17:37:44","modified_gmt":"2025-03-02T16:37:44","slug":"cenik","status":"publish","type":"page","link":"https:\/\/www.studioblanche.cz\/index.php\/cenik\/","title":{"rendered":"Cen\u00edk"},"content":{"rendered":"<p>[et_pb_section fb_built=&#8220;1&#8243; disabled_on=&#8220;on||&#8220; _builder_version=&#8220;4.16&#8243; background_color=&#8220;#e6e7ec&#8220; custom_padding=&#8220;0|0px|0|0px|false|false&#8220; global_colors_info=&#8220;{}&#8220;][et_pb_row _builder_version=&#8220;4.16&#8243; background_size=&#8220;initial&#8220; background_position=&#8220;top_left&#8220; background_repeat=&#8220;repeat&#8220; custom_padding=&#8220;0|0px|0|0px|false|false&#8220; global_colors_info=&#8220;{}&#8220;][et_pb_column type=&#8220;4_4&#8243; _builder_version=&#8220;4.16&#8243; custom_padding=&#8220;|||&#8220; global_colors_info=&#8220;{}&#8220; custom_padding__hover=&#8220;|||&#8220;][et_pb_image src=&#8220;\/wp-content\/uploads\/2018\/09\/pricelist-page.jpg&#8220; align_tablet=&#8220;center&#8220; align_phone=&#8220;center&#8220; align_last_edited=&#8220;on|desktop&#8220; _builder_version=&#8220;4.16&#8243; global_colors_info=&#8220;{}&#8220;][\/et_pb_image][\/et_pb_column][\/et_pb_row][\/et_pb_section][et_pb_section fb_built=&#8220;1&#8243; _builder_version=&#8220;4.16&#8243; custom_padding=&#8220;0|0px|0|0px|false|false&#8220; global_colors_info=&#8220;{}&#8220;][et_pb_row _builder_version=&#8220;4.16&#8243; background_size=&#8220;initial&#8220; background_position=&#8220;top_left&#8220; background_repeat=&#8220;repeat&#8220; global_colors_info=&#8220;{}&#8220;][et_pb_column type=&#8220;4_4&#8243; _builder_version=&#8220;4.16&#8243; custom_padding=&#8220;|||&#8220; global_colors_info=&#8220;{}&#8220; custom_padding__hover=&#8220;|||&#8220;][et_pb_text _builder_version=&#8220;4.16&#8243; global_colors_info=&#8220;{}&#8220;]<\/p>\n<p>Platba pouze v hotovosti<\/p>\n<p>Mo\u017enost plateb z fondu FKSP<\/p>\n<p>Na platbu sodexo pass a benefit plus se nevztahuj\u00ed slevy<\/p>\n<p>D\u00e9lka v\u0161ech mas\u00e1\u017e\u00ed je \u010dist\u011b individu\u00e1ln\u00ed. V\u017edy je pln\u011b p\u0159izp\u016fsobena aktu\u00e1ln\u00edmu zdravotn\u00edmu stavu klienta.<\/p>\n<p>[\/et_pb_text][et_pb_text _builder_version=&#8220;4.16&#8243; global_colors_info=&#8220;{}&#8220;][\/et_pb_text][\/et_pb_column][\/et_pb_row][et_pb_row column_structure=&#8220;1_2,1_2&#8243; module_class=&#8220;service-price-section&#8220; _builder_version=&#8220;4.16&#8243; custom_padding=&#8220;27px|0px|48px|0px|false|false&#8220; global_colors_info=&#8220;{}&#8220;][et_pb_column type=&#8220;1_2&#8243; _builder_version=&#8220;4.16&#8243; custom_padding=&#8220;|||&#8220; global_colors_info=&#8220;{}&#8220; custom_padding__hover=&#8220;|||&#8220;][et_pb_text _builder_version=&#8220;4.16&#8243; global_colors_info=&#8220;{}&#8220;]<\/p>\n<h3>Mas\u00e1\u017ee<\/h3>\n<ul>\n<li>60 min \/ 1250,- \u00a0\u00a0<\/li>\n<li>90 min \/ 1850,- \u00a0\u00a0<\/li>\n<li>120 min \/ 2500,-\u00a0<\/li>\n<\/ul>\n<p>[\/et_pb_text][et_pb_text _builder_version=&#8220;4.16&#8243; global_colors_info=&#8220;{}&#8220;]<\/p>\n<h3>Dornova metoda<\/h3>\n<ul>\n<li>30 min \/ 650,-<\/li>\n<li>45 min \/ 950,-<\/li>\n<li>60 min \/ 1300,-<\/li>\n<\/ul>\n<p>[\/et_pb_text][et_pb_text _builder_version=&#8220;4.16&#8243; global_colors_info=&#8220;{}&#8220;]<\/p>\n<h3>Karp\u00e1ln\u00ed tunely<\/h3>\n<ul>\n<li>60 min \/ 1250,-<\/li>\n<li>90 min \/ 1850,-<\/li>\n<\/ul>\n<p>[\/et_pb_text][\/et_pb_column][et_pb_column type=&#8220;1_2&#8243; _builder_version=&#8220;4.16&#8243; custom_padding=&#8220;|||&#8220; global_colors_info=&#8220;{}&#8220; custom_padding__hover=&#8220;|||&#8220;][et_pb_text _builder_version=&#8220;4.16&#8243; global_colors_info=&#8220;{}&#8220;]<\/p>\n<h3>Lymfatick\u00e1 mas\u00e1\u017e<\/h3>\n<ul>\n<li>nohy 60 min \/ 1300,-<\/li>\n<li>doln\u00ed polovina 80 min \/ 1700,-<\/li>\n<li>horn\u00ed polovina 90 min \/ 1850,-<\/li>\n<li>cel\u00e9 t\u011blo cca 160 min \/ 3300,-<\/li>\n<\/ul>\n<p>[\/et_pb_text][et_pb_text _builder_version=&#8220;4.16&#8243; global_colors_info=&#8220;{}&#8220;]<\/p>\n<h3>T\u011bhotensk\u00e1 mas\u00e1\u017e<\/h3>\n<ul>\n<li>30 min \/ 500,-<\/li>\n<li>45 min \/ 750,- \u00a0\u00a0<\/li>\n<li>60 min \/ 1000,-\u00a0<\/li>\n<\/ul>\n<p>[\/et_pb_text][\/et_pb_column][\/et_pb_row][\/et_pb_section][et_pb_section fb_built=&#8220;1&#8243; _builder_version=&#8220;4.16&#8243; global_colors_info=&#8220;{}&#8220;][et_pb_row column_structure=&#8220;1_3,1_3,1_3&#8243; _builder_version=&#8220;4.22.2&#8243; _module_preset=&#8220;default&#8220; global_colors_info=&#8220;{}&#8220;][et_pb_column type=&#8220;1_3&#8243; _builder_version=&#8220;4.22.2&#8243; _module_preset=&#8220;default&#8220; global_colors_info=&#8220;{}&#8220;][et_pb_text module_class=&#8220;service-detail-text-box&#8220; _builder_version=&#8220;4.16&#8243; global_colors_info=&#8220;{}&#8220;]<\/p>\n<h2>\u00a0 \u00a0 \u00a0 \u00a0 \u00a0 \u00a0 \u00a0 \u00a0 \u00a0IPL\u00a0<\/h2>\n<h2>odstran\u011bn\u00ed chloupk\u016f<\/h2>\n<ul>\n<li>podpa\u017e\u00ed 15 min \/ 1500,-<\/li>\n<li>t\u0159\u00edsla 20 min \/ 1500,- \u00a0\u00a0<\/li>\n<li>brazilka 30 min \/ 3000,-\u00a0<\/li>\n<li>horn\u00ed ret \/ 400,-<\/li>\n<li>brada \/ od 500,-<\/li>\n<li>prsn\u00ed dvorce \/ od 600,-<\/li>\n<li>p\u0159edlokt\u00ed \/ od 2200,-<\/li>\n<li>l\u00fdtka \/ od 4000,-<\/li>\n<li>stehna \/ od 5000,-<\/li>\n<li>cel\u00e1 z\u00e1da \/ 5500,-<span style=\"font-size: 14px;\">\u00a0<\/span><\/li>\n<\/ul>\n<p>[\/et_pb_text][\/et_pb_column][et_pb_column type=&#8220;1_3&#8243; _builder_version=&#8220;4.22.2&#8243; _module_preset=&#8220;default&#8220; global_colors_info=&#8220;{}&#8220;][et_pb_text module_class=&#8220;service-detail-text-box&#8220; _builder_version=&#8220;4.16&#8243; global_colors_info=&#8220;{}&#8220;]<\/p>\n<h2 style=\"text-align: left;\">\u00a0 \u00a0 \u00a0 \u00a0 \u00a0 \u00a0 \u00a0 \u00a0 \u00a0 \u00a0IPL \u00a0 \u00a0 \u00a0<\/h2>\n<h2 style=\"text-align: center;\">fotorejuvenace<\/h2>\n<p>&nbsp;<\/p>\n<ul>\n<li align=\"LEFT\">obli\u010dej 30 min \/ 2500,-<\/li>\n<li>krk a dekolt 30 min \/ 2500,-<\/li>\n<li>obli\u010dej, krk, dekolt 45 min \/ 3500,-<\/li>\n<\/ul>\n<p>&nbsp;<\/p>\n<p>[\/et_pb_text][\/et_pb_column][et_pb_column type=&#8220;1_3&#8243; _builder_version=&#8220;4.22.2&#8243; _module_preset=&#8220;default&#8220; global_colors_info=&#8220;{}&#8220;][et_pb_text module_class=&#8220;service-detail-text-box&#8220; _builder_version=&#8220;4.16&#8243; global_colors_info=&#8220;{}&#8220;]<\/p>\n<h2>\u00a0 \u00a0\u00a0 \u00a0 \u00a0 \u00a0 \u00a0 \u00a0 \u00a0 \u00a0 IPL<\/h2>\n<h2>pigmentov\u00e9 skvrny, \u010derven\u00e9 \u017eilky, akn\u00e9<\/h2>\n<ul>\n<li>\u00a01 impuls \/ 100,-<\/li>\n<li>cel\u00fd obli\u010dej 30 min \/ 2500,-<\/li>\n<\/ul>\n<p>[\/et_pb_text][\/et_pb_column][\/et_pb_row][et_pb_row _builder_version=&#8220;4.16&#8243; global_colors_info=&#8220;{}&#8220;][et_pb_column type=&#8220;4_4&#8243; _builder_version=&#8220;4.16&#8243; custom_padding=&#8220;|||&#8220; global_colors_info=&#8220;{}&#8220; custom_padding__hover=&#8220;|||&#8220;][et_pb_text _builder_version=&#8220;4.16&#8243; global_colors_info=&#8220;{}&#8220;]<\/p>\n<h2>Storno podm\u00ednky<\/h2>\n<p> V p\u0159\u00edpad\u011b, \u017ee se nem\u016f\u017eete na dohodnut\u00fd term\u00edn dostavit, je nutn\u00e9 omluvit se 24 hodin p\u0159edem. Pokud tak neu\u010din\u00edte, m\u00e1 terapeut pr\u00e1vo \u00fa\u010dtovat STORNO poplatek ve v\u00fd\u0161i ceny mas\u00e1\u017ee.<\/p>\n<p>[\/et_pb_text][\/et_pb_column][\/et_pb_row][\/et_pb_section]<\/p>\n","protected":false},"excerpt":{"rendered":"<p>Platba pouze v hotovosti Mo\u017enost plateb z fondu FKSP Na platbu sodexo pass a benefit plus se nevztahuj\u00ed slevy D\u00e9lka v\u0161ech mas\u00e1\u017e\u00ed je \u010dist\u011b individu\u00e1ln\u00ed. V\u017edy je pln\u011b p\u0159izp\u016fsobena aktu\u00e1ln\u00edmu zdravotn\u00edmu stavu klienta.Mas\u00e1\u017ee 60 min \/ 1250,- \u00a0\u00a0 90 min \/ 1850,- \u00a0\u00a0 120 min \/ 2500,-\u00a0 Dornova metoda 30 min \/ 650,- 45 min [&hellip;]<\/p>\n","protected":false},"author":3,"featured_media":0,"parent":0,"menu_order":0,"comment_status":"closed","ping_status":"closed","template":"","meta":{"_et_pb_use_builder":"on","_et_pb_old_content":"","_et_gb_content_width":"","footnotes":""},"class_list":["post-84","page","type-page","status-publish","hentry"],"yoast_head":"<!-- This site is optimized with the Yoast SEO plugin v27.4 - https:\/\/yoast.com\/product\/yoast-seo-wordpress\/ -->\n<title>Cen\u00edk - Studio Blanche<\/title>\n<meta name=\"robots\" content=\"index, follow, max-snippet:-1, max-image-preview:large, max-video-preview:-1\" \/>\n<link rel=\"canonical\" href=\"https:\/\/www.studioblanche.cz\/index.php\/cenik\/\" \/>\n<meta property=\"og:locale\" content=\"cs_CZ\" \/>\n<meta property=\"og:type\" content=\"article\" \/>\n<meta property=\"og:title\" content=\"Cen\u00edk - Studio Blanche\" \/>\n<meta property=\"og:description\" content=\"Platba pouze v hotovosti Mo\u017enost plateb z fondu FKSP Na platbu sodexo pass a benefit plus se nevztahuj\u00ed slevy D\u00e9lka v\u0161ech mas\u00e1\u017e\u00ed je \u010dist\u011b individu\u00e1ln\u00ed. V\u017edy je pln\u011b p\u0159izp\u016fsobena aktu\u00e1ln\u00edmu zdravotn\u00edmu stavu klienta.Mas\u00e1\u017ee 60 min \/ 1250,- \u00a0\u00a0 90 min \/ 1850,- \u00a0\u00a0 120 min \/ 2500,-\u00a0 Dornova metoda 30 min \/ 650,- 45 min [&hellip;]\" \/>\n<meta property=\"og:url\" content=\"https:\/\/www.studioblanche.cz\/index.php\/cenik\/\" \/>\n<meta property=\"og:site_name\" content=\"Studio Blanche\" \/>\n<meta property=\"article:modified_time\" content=\"2025-03-02T16:37:44+00:00\" \/>\n<meta name=\"twitter:card\" content=\"summary_large_image\" \/>\n<meta name=\"twitter:label1\" content=\"Odhadovan\u00e1 doba \u010dten\u00ed\" \/>\n\t<meta name=\"twitter:data1\" content=\"3 minuty\" \/>\n<script type=\"application\/ld+json\" class=\"yoast-schema-graph\">{\"@context\":\"https:\\\/\\\/schema.org\",\"@graph\":[{\"@type\":\"WebPage\",\"@id\":\"https:\\\/\\\/www.studioblanche.cz\\\/index.php\\\/cenik\\\/\",\"url\":\"https:\\\/\\\/www.studioblanche.cz\\\/index.php\\\/cenik\\\/\",\"name\":\"Cen\u00edk - Studio Blanche\",\"isPartOf\":{\"@id\":\"https:\\\/\\\/www.studioblanche.cz\\\/#website\"},\"datePublished\":\"2018-10-04T18:27:51+00:00\",\"dateModified\":\"2025-03-02T16:37:44+00:00\",\"breadcrumb\":{\"@id\":\"https:\\\/\\\/www.studioblanche.cz\\\/index.php\\\/cenik\\\/#breadcrumb\"},\"inLanguage\":\"cs\",\"potentialAction\":[{\"@type\":\"ReadAction\",\"target\":[\"https:\\\/\\\/www.studioblanche.cz\\\/index.php\\\/cenik\\\/\"]}]},{\"@type\":\"BreadcrumbList\",\"@id\":\"https:\\\/\\\/www.studioblanche.cz\\\/index.php\\\/cenik\\\/#breadcrumb\",\"itemListElement\":[{\"@type\":\"ListItem\",\"position\":1,\"name\":\"Home\",\"item\":\"https:\\\/\\\/www.studioblanche.cz\\\/\"},{\"@type\":\"ListItem\",\"position\":2,\"name\":\"Cen\u00edk\"}]},{\"@type\":\"WebSite\",\"@id\":\"https:\\\/\\\/www.studioblanche.cz\\\/#website\",\"url\":\"https:\\\/\\\/www.studioblanche.cz\\\/\",\"name\":\"Studio Blanche\",\"description\":\"Mas\u00e1\u017ee, kter\u00e9 v\u00e1m zlep\u0161\u00ed zdrav\u00ed i n\u00e1ladu na Praze 2\",\"potentialAction\":[{\"@type\":\"SearchAction\",\"target\":{\"@type\":\"EntryPoint\",\"urlTemplate\":\"https:\\\/\\\/www.studioblanche.cz\\\/?s={search_term_string}\"},\"query-input\":{\"@type\":\"PropertyValueSpecification\",\"valueRequired\":true,\"valueName\":\"search_term_string\"}}],\"inLanguage\":\"cs\"}]}<\/script>\n<!-- \/ Yoast SEO plugin. -->","yoast_head_json":{"title":"Cen\u00edk - Studio Blanche","robots":{"index":"index","follow":"follow","max-snippet":"max-snippet:-1","max-image-preview":"max-image-preview:large","max-video-preview":"max-video-preview:-1"},"canonical":"https:\/\/www.studioblanche.cz\/index.php\/cenik\/","og_locale":"cs_CZ","og_type":"article","og_title":"Cen\u00edk - Studio Blanche","og_description":"Platba pouze v hotovosti Mo\u017enost plateb z fondu FKSP Na platbu sodexo pass a benefit plus se nevztahuj\u00ed slevy D\u00e9lka v\u0161ech mas\u00e1\u017e\u00ed je \u010dist\u011b individu\u00e1ln\u00ed. V\u017edy je pln\u011b p\u0159izp\u016fsobena aktu\u00e1ln\u00edmu zdravotn\u00edmu stavu klienta.Mas\u00e1\u017ee 60 min \/ 1250,- \u00a0\u00a0 90 min \/ 1850,- \u00a0\u00a0 120 min \/ 2500,-\u00a0 Dornova metoda 30 min \/ 650,- 45 min [&hellip;]","og_url":"https:\/\/www.studioblanche.cz\/index.php\/cenik\/","og_site_name":"Studio Blanche","article_modified_time":"2025-03-02T16:37:44+00:00","twitter_card":"summary_large_image","twitter_misc":{"Odhadovan\u00e1 doba \u010dten\u00ed":"3 minuty"},"schema":{"@context":"https:\/\/schema.org","@graph":[{"@type":"WebPage","@id":"https:\/\/www.studioblanche.cz\/index.php\/cenik\/","url":"https:\/\/www.studioblanche.cz\/index.php\/cenik\/","name":"Cen\u00edk - Studio Blanche","isPartOf":{"@id":"https:\/\/www.studioblanche.cz\/#website"},"datePublished":"2018-10-04T18:27:51+00:00","dateModified":"2025-03-02T16:37:44+00:00","breadcrumb":{"@id":"https:\/\/www.studioblanche.cz\/index.php\/cenik\/#breadcrumb"},"inLanguage":"cs","potentialAction":[{"@type":"ReadAction","target":["https:\/\/www.studioblanche.cz\/index.php\/cenik\/"]}]},{"@type":"BreadcrumbList","@id":"https:\/\/www.studioblanche.cz\/index.php\/cenik\/#breadcrumb","itemListElement":[{"@type":"ListItem","position":1,"name":"Home","item":"https:\/\/www.studioblanche.cz\/"},{"@type":"ListItem","position":2,"name":"Cen\u00edk"}]},{"@type":"WebSite","@id":"https:\/\/www.studioblanche.cz\/#website","url":"https:\/\/www.studioblanche.cz\/","name":"Studio Blanche","description":"Mas\u00e1\u017ee, kter\u00e9 v\u00e1m zlep\u0161\u00ed zdrav\u00ed i n\u00e1ladu na Praze 2","potentialAction":[{"@type":"SearchAction","target":{"@type":"EntryPoint","urlTemplate":"https:\/\/www.studioblanche.cz\/?s={search_term_string}"},"query-input":{"@type":"PropertyValueSpecification","valueRequired":true,"valueName":"search_term_string"}}],"inLanguage":"cs"}]}},"_links":{"self":[{"href":"https:\/\/www.studioblanche.cz\/index.php\/wp-json\/wp\/v2\/pages\/84","targetHints":{"allow":["GET"]}}],"collection":[{"href":"https:\/\/www.studioblanche.cz\/index.php\/wp-json\/wp\/v2\/pages"}],"about":[{"href":"https:\/\/www.studioblanche.cz\/index.php\/wp-json\/wp\/v2\/types\/page"}],"author":[{"embeddable":true,"href":"https:\/\/www.studioblanche.cz\/index.php\/wp-json\/wp\/v2\/users\/3"}],"replies":[{"embeddable":true,"href":"https:\/\/www.studioblanche.cz\/index.php\/wp-json\/wp\/v2\/comments?post=84"}],"version-history":[{"count":24,"href":"https:\/\/www.studioblanche.cz\/index.php\/wp-json\/wp\/v2\/pages\/84\/revisions"}],"predecessor-version":[{"id":786,"href":"https:\/\/www.studioblanche.cz\/index.php\/wp-json\/wp\/v2\/pages\/84\/revisions\/786"}],"wp:attachment":[{"href":"https:\/\/www.studioblanche.cz\/index.php\/wp-json\/wp\/v2\/media?parent=84"}],"curies":[{"name":"wp","href":"https:\/\/api.w.org\/{rel}","templated":true}]}}