{"id":189,"date":"2018-10-12T17:10:53","date_gmt":"2018-10-12T15:10:53","guid":{"rendered":"http:\/\/new.studioblanche.cz\/?page_id=189"},"modified":"2018-11-19T23:52:57","modified_gmt":"2018-11-19T22:52:57","slug":"kosmetika","status":"publish","type":"page","link":"https:\/\/www.studioblanche.cz\/index.php\/sluzby\/kosmetika\/","title":{"rendered":"Kosmetika"},"content":{"rendered":"<p>[et_pb_section fb_built=&#8220;1&#8243; _builder_version=&#8220;3.0.47&#8243; custom_padding=&#8220;0|0px|54px|0px|false|false&#8220;][et_pb_row custom_padding=&#8220;0|0px|27px|0px|false|false&#8220; _builder_version=&#8220;3.0.48&#8243; background_size=&#8220;initial&#8220; background_position=&#8220;top_left&#8220; background_repeat=&#8220;repeat&#8220;][et_pb_column type=&#8220;4_4&#8243; _builder_version=&#8220;3.0.47&#8243; parallax=&#8220;off&#8220; parallax_method=&#8220;on&#8220;][et_pb_image src=&#8220;\/wp-content\/uploads\/2018\/09\/homepage-services.jpg&#8220; _builder_version=&#8220;3.12.2&#8243;][\/et_pb_image][\/et_pb_column][\/et_pb_row][et_pb_row _builder_version=&#8220;3.0.48&#8243; background_size=&#8220;initial&#8220; background_position=&#8220;top_left&#8220; background_repeat=&#8220;repeat&#8220;][et_pb_column type=&#8220;1_2&#8243; _builder_version=&#8220;3.0.47&#8243; parallax=&#8220;off&#8220; parallax_method=&#8220;on&#8220;][et_pb_text module_class=&#8220;service-detail-text-box&#8220; _builder_version=&#8220;3.12.2&#8243;]<\/p>\n<h2>Kosmetick\u00e9 o\u0161et\u0159en\u00ed<\/h2>\n<p>&nbsp;<\/p>\n<p>Kosmetick\u00e9 o\u0161et\u0159en\u00ed s v\u00fdjme\u010dn\u00fdmi v\u00fdrobky Nobilis Tilia \u2013 Certifikovanou p\u0159\u00edrodn\u00ed a BIO kosmetikou.<\/p>\n<p>Nobilis Tilia je \u010desk\u00e1 spole\u010dnost, kter\u00e1 se zab\u00fdv\u00e1 v\u00fdvojem a v\u00fdrobou \u010dist\u011b p\u0159\u00edrodn\u00ed l\u00e9\u010debn\u00e9 i p\u011bst\u00edc\u00ed kosmetiky. Unik\u00e1tn\u00ed p\u0159\u00edpravky v sob\u011b spojuj\u00ed nov\u00e9 poznatky o \u00fa\u010dinc\u00edch l\u00e9\u010div\u00fdch rostlin s tradi\u010dn\u00edmi historick\u00fdmi zku\u0161enostmi. Aromaterapeutick\u00e1 kosmetika Nobilis Tilia podporuje cestu k sob\u011b a objeven\u00ed vlastn\u00ed jedine\u010dnosti.<\/p>\n<p>Pro v\u0161echny typy pleti m\u00e1me p\u0159ipraveny ty nejvhodn\u011bj\u0161\u00ed p\u0159\u00edpravky pro \u017eeny i mu\u017ee.<\/p>\n<p>Na ka\u017ed\u00e9 o\u0161et\u0159en\u00ed V\u00e1m bude individu\u00e1ln\u011b doporu\u010deno,<span class=\"Apple-converted-space\">\u00a0 <\/span>co je pro Va\u0161\u00ed ple\u0165 nejlep\u0161\u00ed.<\/p>\n<p>Kosmetick\u00e9 o\u0161et\u0159en\u00ed pleti obsahuje dle typu pleti: \u00a0 \u00a0konzultaci \/ diagnostiku pleti, povrchov\u00e9 \u010di\u0161t\u011bn\u00ed, jemnou gom\u00e1\u017e \/ peeling, zm\u011bk\u010den\u00ed pleti p\u0159ed \u010di\u0161t\u011bn\u00edm, hloubkov\u00e9 \u010di\u0161t\u011bn\u00ed pleti \u010d\u00e1ste\u010dn\u00e9 \/ celkov\u00e9, mas\u00e1\u017e \/ biof\u00e1zi , masku, jojobov\u00fd olej \/ kr\u00e9m<\/p>\n<p>&nbsp;<\/p>\n<p>[\/et_pb_text][\/et_pb_column][et_pb_column type=&#8220;1_2&#8243; _builder_version=&#8220;3.0.47&#8243; parallax=&#8220;off&#8220; parallax_method=&#8220;on&#8220;][et_pb_text module_class=&#8220;service-detail-text-box&#8220; _builder_version=&#8220;3.12.2&#8243;]<\/p>\n<h3>Dopln\u011bn\u00ed<\/h3>\n<p><span style=\"font-size: 14px; color: #000000;\">\u00faprava obo\u010d\u00ed 150,-<\/span><\/p>\n<p><span style=\"font-size: 14px; color: #000000;\">tvarov\u00e1n\u00ed obo\u010d\u00ed 250,-<\/span><\/p>\n<p><span style=\"font-size: 14px; color: #000000;\">barven\u00ed obo\u010d\u00ed 20<\/span><span style=\"font-size: 14px;\">0,-<\/span><\/p>\n<p><span style=\"font-size: 14px;\">barven\u00ed \u0159as\u00a0<\/span><span style=\"font-size: 14px;\">300,-<\/span><\/p>\n<p>IPL\u00a0<span style=\"font-size: 14px;\">dle cen\u00edku<\/span><\/p>\n<p><span style=\"font-size: 14px;\"><\/span><\/p>\n<p>[\/et_pb_text][et_pb_text module_class=&#8220;service-detail-text-box&#8220; _builder_version=&#8220;3.12.2&#8243;]<\/p>\n<h3>Biof\u00e1ze<\/h3>\n<p>Biof\u00e1ze je unik\u00e1tn\u00ed metodou regenerace poko\u017eky, zalo\u017eenou na aktivaci enzym\u016f p\u0159irozen\u011b v n\u00ed obsa\u017een\u00fdch. P\u0159\u00edpravky Biof\u00e1ze v\u00fdrazn\u011b o\u017eivuj\u00ed vzhled poko\u017eky, revitalizuj\u00ed po op\u00e1len\u00ed nebo mraziv\u00e9m po\u010das\u00ed, p\u0159isp\u00edvaj\u00ed k detoxikaci a podstatn\u00e9mu nebo \u00fapln\u00e9mu vymizen\u00ed pot\u00ed\u017e\u00ed jako je nap\u0159\u00edklad nadm\u011brn\u00e1 suchost pleti, p\u0159ed\u010dasn\u00e1 tvorba vr\u00e1sek, poruchy pigmentace, akn\u00e9, ekz\u00e9my, roz\u0161\u00ed\u0159en\u00e9 c\u00e9vky, jizvy a dal\u0161\u00ed. O\u0161et\u0159en\u00e1 ple\u0165 je odleh\u010den\u00e1 a sv\u011b\u017e\u00ed, perfektn\u011b hydratovan\u00e1, m\u00e1 zdravou r\u016f\u017eovou barvu, citliv\u00e1 ple\u0165 se zklidn\u00ed. Ka\u017ed\u00e9 s\u00e9rum obsahuje a\u017e sedm druh\u016f specificky p\u016fsob\u00edc\u00edch \u00e9terick\u00fdch olej\u016f.<\/p>\n<p>S\u00e9ra jsou zapracov\u00e1v\u00e1ny do pleti speci\u00e1ln\u00ed kosmetickou mas\u00e1\u017e\u00ed se zam\u011b\u0159en\u00edm na lymfatick\u00e9 cesty.<\/p>\n<p><span style=\"font-size: 14px;\"><\/span><\/p>\n<p>[\/et_pb_text][\/et_pb_column][\/et_pb_row][\/et_pb_section]<\/p>\n","protected":false},"excerpt":{"rendered":"<p>Kosmetick\u00e9 o\u0161et\u0159en\u00ed &nbsp; Kosmetick\u00e9 o\u0161et\u0159en\u00ed s v\u00fdjme\u010dn\u00fdmi v\u00fdrobky Nobilis Tilia \u2013 Certifikovanou p\u0159\u00edrodn\u00ed a BIO kosmetikou. Nobilis Tilia je \u010desk\u00e1 spole\u010dnost, kter\u00e1 se zab\u00fdv\u00e1 v\u00fdvojem a v\u00fdrobou \u010dist\u011b p\u0159\u00edrodn\u00ed l\u00e9\u010debn\u00e9 i p\u011bst\u00edc\u00ed kosmetiky. Unik\u00e1tn\u00ed p\u0159\u00edpravky v sob\u011b spojuj\u00ed nov\u00e9 poznatky o \u00fa\u010dinc\u00edch l\u00e9\u010div\u00fdch rostlin s tradi\u010dn\u00edmi historick\u00fdmi zku\u0161enostmi. Aromaterapeutick\u00e1 kosmetika Nobilis Tilia podporuje cestu k [&hellip;]<\/p>\n","protected":false},"author":3,"featured_media":0,"parent":47,"menu_order":0,"comment_status":"closed","ping_status":"closed","template":"","meta":{"_et_pb_use_builder":"on","_et_pb_old_content":"","_et_gb_content_width":"","footnotes":""},"class_list":["post-189","page","type-page","status-publish","hentry"],"yoast_head":"<!-- This site is optimized with the Yoast SEO plugin v27.4 - https:\/\/yoast.com\/product\/yoast-seo-wordpress\/ -->\n<title>Kosmetika - Studio Blanche<\/title>\n<meta name=\"robots\" content=\"index, follow, max-snippet:-1, max-image-preview:large, max-video-preview:-1\" \/>\n<link rel=\"canonical\" href=\"https:\/\/www.studioblanche.cz\/index.php\/sluzby\/kosmetika\/\" \/>\n<meta property=\"og:locale\" content=\"cs_CZ\" \/>\n<meta property=\"og:type\" content=\"article\" \/>\n<meta property=\"og:title\" content=\"Kosmetika - Studio Blanche\" \/>\n<meta property=\"og:description\" content=\"Kosmetick\u00e9 o\u0161et\u0159en\u00ed &nbsp; Kosmetick\u00e9 o\u0161et\u0159en\u00ed s v\u00fdjme\u010dn\u00fdmi v\u00fdrobky Nobilis Tilia \u2013 Certifikovanou p\u0159\u00edrodn\u00ed a BIO kosmetikou. Nobilis Tilia je \u010desk\u00e1 spole\u010dnost, kter\u00e1 se zab\u00fdv\u00e1 v\u00fdvojem a v\u00fdrobou \u010dist\u011b p\u0159\u00edrodn\u00ed l\u00e9\u010debn\u00e9 i p\u011bst\u00edc\u00ed kosmetiky. Unik\u00e1tn\u00ed p\u0159\u00edpravky v sob\u011b spojuj\u00ed nov\u00e9 poznatky o \u00fa\u010dinc\u00edch l\u00e9\u010div\u00fdch rostlin s tradi\u010dn\u00edmi historick\u00fdmi zku\u0161enostmi. Aromaterapeutick\u00e1 kosmetika Nobilis Tilia podporuje cestu k [&hellip;]\" \/>\n<meta property=\"og:url\" content=\"https:\/\/www.studioblanche.cz\/index.php\/sluzby\/kosmetika\/\" \/>\n<meta property=\"og:site_name\" content=\"Studio Blanche\" \/>\n<meta property=\"article:modified_time\" content=\"2018-11-19T22:52:57+00:00\" \/>\n<meta name=\"twitter:card\" content=\"summary_large_image\" \/>\n<meta name=\"twitter:label1\" content=\"Odhadovan\u00e1 doba \u010dten\u00ed\" \/>\n\t<meta name=\"twitter:data1\" content=\"2 minuty\" \/>\n<script type=\"application\/ld+json\" class=\"yoast-schema-graph\">{\"@context\":\"https:\\\/\\\/schema.org\",\"@graph\":[{\"@type\":\"WebPage\",\"@id\":\"https:\\\/\\\/www.studioblanche.cz\\\/index.php\\\/sluzby\\\/kosmetika\\\/\",\"url\":\"https:\\\/\\\/www.studioblanche.cz\\\/index.php\\\/sluzby\\\/kosmetika\\\/\",\"name\":\"Kosmetika - Studio Blanche\",\"isPartOf\":{\"@id\":\"https:\\\/\\\/www.studioblanche.cz\\\/#website\"},\"datePublished\":\"2018-10-12T15:10:53+00:00\",\"dateModified\":\"2018-11-19T22:52:57+00:00\",\"breadcrumb\":{\"@id\":\"https:\\\/\\\/www.studioblanche.cz\\\/index.php\\\/sluzby\\\/kosmetika\\\/#breadcrumb\"},\"inLanguage\":\"cs\",\"potentialAction\":[{\"@type\":\"ReadAction\",\"target\":[\"https:\\\/\\\/www.studioblanche.cz\\\/index.php\\\/sluzby\\\/kosmetika\\\/\"]}]},{\"@type\":\"BreadcrumbList\",\"@id\":\"https:\\\/\\\/www.studioblanche.cz\\\/index.php\\\/sluzby\\\/kosmetika\\\/#breadcrumb\",\"itemListElement\":[{\"@type\":\"ListItem\",\"position\":1,\"name\":\"Home\",\"item\":\"https:\\\/\\\/www.studioblanche.cz\\\/\"},{\"@type\":\"ListItem\",\"position\":2,\"name\":\"Slu\u017eby\",\"item\":\"https:\\\/\\\/www.studioblanche.cz\\\/index.php\\\/sluzby\\\/\"},{\"@type\":\"ListItem\",\"position\":3,\"name\":\"Kosmetika\"}]},{\"@type\":\"WebSite\",\"@id\":\"https:\\\/\\\/www.studioblanche.cz\\\/#website\",\"url\":\"https:\\\/\\\/www.studioblanche.cz\\\/\",\"name\":\"Studio Blanche\",\"description\":\"Mas\u00e1\u017ee, kter\u00e9 v\u00e1m zlep\u0161\u00ed zdrav\u00ed i n\u00e1ladu na Praze 2\",\"potentialAction\":[{\"@type\":\"SearchAction\",\"target\":{\"@type\":\"EntryPoint\",\"urlTemplate\":\"https:\\\/\\\/www.studioblanche.cz\\\/?s={search_term_string}\"},\"query-input\":{\"@type\":\"PropertyValueSpecification\",\"valueRequired\":true,\"valueName\":\"search_term_string\"}}],\"inLanguage\":\"cs\"}]}<\/script>\n<!-- \/ Yoast SEO plugin. -->","yoast_head_json":{"title":"Kosmetika - Studio Blanche","robots":{"index":"index","follow":"follow","max-snippet":"max-snippet:-1","max-image-preview":"max-image-preview:large","max-video-preview":"max-video-preview:-1"},"canonical":"https:\/\/www.studioblanche.cz\/index.php\/sluzby\/kosmetika\/","og_locale":"cs_CZ","og_type":"article","og_title":"Kosmetika - Studio Blanche","og_description":"Kosmetick\u00e9 o\u0161et\u0159en\u00ed &nbsp; Kosmetick\u00e9 o\u0161et\u0159en\u00ed s v\u00fdjme\u010dn\u00fdmi v\u00fdrobky Nobilis Tilia \u2013 Certifikovanou p\u0159\u00edrodn\u00ed a BIO kosmetikou. Nobilis Tilia je \u010desk\u00e1 spole\u010dnost, kter\u00e1 se zab\u00fdv\u00e1 v\u00fdvojem a v\u00fdrobou \u010dist\u011b p\u0159\u00edrodn\u00ed l\u00e9\u010debn\u00e9 i p\u011bst\u00edc\u00ed kosmetiky. Unik\u00e1tn\u00ed p\u0159\u00edpravky v sob\u011b spojuj\u00ed nov\u00e9 poznatky o \u00fa\u010dinc\u00edch l\u00e9\u010div\u00fdch rostlin s tradi\u010dn\u00edmi historick\u00fdmi zku\u0161enostmi. Aromaterapeutick\u00e1 kosmetika Nobilis Tilia podporuje cestu k [&hellip;]","og_url":"https:\/\/www.studioblanche.cz\/index.php\/sluzby\/kosmetika\/","og_site_name":"Studio Blanche","article_modified_time":"2018-11-19T22:52:57+00:00","twitter_card":"summary_large_image","twitter_misc":{"Odhadovan\u00e1 doba \u010dten\u00ed":"2 minuty"},"schema":{"@context":"https:\/\/schema.org","@graph":[{"@type":"WebPage","@id":"https:\/\/www.studioblanche.cz\/index.php\/sluzby\/kosmetika\/","url":"https:\/\/www.studioblanche.cz\/index.php\/sluzby\/kosmetika\/","name":"Kosmetika - Studio Blanche","isPartOf":{"@id":"https:\/\/www.studioblanche.cz\/#website"},"datePublished":"2018-10-12T15:10:53+00:00","dateModified":"2018-11-19T22:52:57+00:00","breadcrumb":{"@id":"https:\/\/www.studioblanche.cz\/index.php\/sluzby\/kosmetika\/#breadcrumb"},"inLanguage":"cs","potentialAction":[{"@type":"ReadAction","target":["https:\/\/www.studioblanche.cz\/index.php\/sluzby\/kosmetika\/"]}]},{"@type":"BreadcrumbList","@id":"https:\/\/www.studioblanche.cz\/index.php\/sluzby\/kosmetika\/#breadcrumb","itemListElement":[{"@type":"ListItem","position":1,"name":"Home","item":"https:\/\/www.studioblanche.cz\/"},{"@type":"ListItem","position":2,"name":"Slu\u017eby","item":"https:\/\/www.studioblanche.cz\/index.php\/sluzby\/"},{"@type":"ListItem","position":3,"name":"Kosmetika"}]},{"@type":"WebSite","@id":"https:\/\/www.studioblanche.cz\/#website","url":"https:\/\/www.studioblanche.cz\/","name":"Studio Blanche","description":"Mas\u00e1\u017ee, kter\u00e9 v\u00e1m zlep\u0161\u00ed zdrav\u00ed i n\u00e1ladu na Praze 2","potentialAction":[{"@type":"SearchAction","target":{"@type":"EntryPoint","urlTemplate":"https:\/\/www.studioblanche.cz\/?s={search_term_string}"},"query-input":{"@type":"PropertyValueSpecification","valueRequired":true,"valueName":"search_term_string"}}],"inLanguage":"cs"}]}},"_links":{"self":[{"href":"https:\/\/www.studioblanche.cz\/index.php\/wp-json\/wp\/v2\/pages\/189","targetHints":{"allow":["GET"]}}],"collection":[{"href":"https:\/\/www.studioblanche.cz\/index.php\/wp-json\/wp\/v2\/pages"}],"about":[{"href":"https:\/\/www.studioblanche.cz\/index.php\/wp-json\/wp\/v2\/types\/page"}],"author":[{"embeddable":true,"href":"https:\/\/www.studioblanche.cz\/index.php\/wp-json\/wp\/v2\/users\/3"}],"replies":[{"embeddable":true,"href":"https:\/\/www.studioblanche.cz\/index.php\/wp-json\/wp\/v2\/comments?post=189"}],"version-history":[{"count":3,"href":"https:\/\/www.studioblanche.cz\/index.php\/wp-json\/wp\/v2\/pages\/189\/revisions"}],"predecessor-version":[{"id":372,"href":"https:\/\/www.studioblanche.cz\/index.php\/wp-json\/wp\/v2\/pages\/189\/revisions\/372"}],"up":[{"embeddable":true,"href":"https:\/\/www.studioblanche.cz\/index.php\/wp-json\/wp\/v2\/pages\/47"}],"wp:attachment":[{"href":"https:\/\/www.studioblanche.cz\/index.php\/wp-json\/wp\/v2\/media?parent=189"}],"curies":[{"name":"wp","href":"https:\/\/api.w.org\/{rel}","templated":true}]}}